 prime factors of r(7).
2, 3, 7
Let z be 2 + -3 + -2 - -9. Let i be ((-5)/2)/((-195)/78). List the prime factors of 2*i + 6/z.
3
Let w = 56691 - 30272. What are the prime factors of w?
29, 911
Let t(b) = -1040*b**3 + 24*b**2 + 52*b - 8. What are the prime factors of t(-3)?
2, 13, 541
Let b be (-83)/(-3) + ((-44)/12)/(-11). What are the prime factors of 42/b - 1759/(-2)?
881
Suppose 1130500 = 283*u + 217*u. What are the prime factors of u?
7, 17, 19
Suppose -5*k + 20 = 0, 10*z - 10570 = 8*z - 3*k. List the prime factors of z.
5279
Suppose -2*s = -2*d - 18566, -249*s - 5*d + 37177 = -245*s. List the prime factors of s.
2, 3, 43
Let c(i) = i**3 - 10*i**2 + 18*i - 23. Let d be c(5). Suppose k = y - 148, -5*k + k = 4*y - 584. Let p = d + y. List the prime factors of p.
89
Suppose 9*f - 11178 = 54351. List the prime factors of f.
3, 809
Suppose 0 = -37*t + 40*t - 6138. Suppose t - 234 = 6*h. What are the prime factors of h?
2, 151
Let u(k) = 37*k - 54. Let i = 557 - 550. What are the prime factors of u(i)?
5, 41
Suppose 0*u + 2*t + 55186 = 2*u, -2*t + 27575 = u. List the prime factors of u.
7, 563
Let o(i) = 4*i**3 - 36*i**2 + 1295*i - 50. What are the prime factors of o(25)?
5, 11, 263
Let s(l) = 77*l**3 + 4*l**2 + 13*l + 11. What are the prime factors of s(5)?
3, 11
List the prime factors of (41053 + 198/(-22))*(-1 - -2).
2, 31, 331
Suppose 9*u = 2*u - 2*u. Suppose 0 = 3*p - u*p + 5*h - 563, 4*h - 748 = -4*p. What are the prime factors of p?
2, 3, 31
Let f(d) = 23*d**2 + 11*d. Let i be f(3). Suppose -21*v + i = -17*v. List the prime factors of v.
2, 3, 5
Suppose 78 + 52 = 5*b. Suppose 29*u = b*u. Suppose -4*i + 12 = 4*o - 28, -i + 5*o - 8 = u. List the prime factors of i.
7
Suppose -76*k - 42*k = -1173864. List the prime factors of k.
2, 3, 829
Let c = 17117 - 10255. What are the prime factors of c?
2, 47, 73
Suppose 3*x - 1741 = 2*z, 31*x - 26*x - 2885 = -5*z. Suppose -2*n + 2902 = y, -n + 854 = 5*y - x. List the prime factors of n.
1453
Let r be 56/6 + (-5)/15. Suppose 0 = r*x - 0 + 18. What are the prime factors of (-1)/x*(-1 + 63) - 0?
31
Let u(o) = -o**3 - 13*o**2 + 17*o + 46. Let y be u(-14). Suppose -5*w = -i + 3*i - 1147, -3*i - y*w = -1710. List the prime factors of i.
2, 283
Suppose 0 = r - 2*r + 2. Suppose r*f + 870 = 4*f - 4*p, 5*f = 5*p + 2165. Let b = 626 - f. What are the prime factors of b?
3, 5, 13
Let v = 158 + 796. Let x = 1523 - v. List the prime factors of x.
569
Suppose 0 = -4*k + 12, 3*k + 21 = -5*y - 0*k. List the prime factors of y - (-162 - (-7 + 8)).
157
Let d = -7875 + 17821. What are the prime factors of d?
2, 4973
Suppose 42*c - 75734 = 194452. List the prime factors of c.
7, 919
Suppose 2*w = d + 5, 5*w - 20 = -2*d + 6*d. Let p = d + 5. List the prime factors of 8 + 138 - (1 - 5 - p).
2, 3, 5
Let k = 344 + -39. Let v be k/105 - 4/(-42). Suppose -v*d + i = -66, 3 = d - 5*i - 5. What are the prime factors of d?
23
Suppose 5*k + 4*q = -940, -2*k + 3*q - 376 = -0*q. List the prime factors of (5029/k)/((-2)/40).
5, 107
Let z be 5808/30 - (-3)/(-5). Suppose -85 + 4 = -n. Suppose 2*r + d = n, -4*r + d = 34 - z. List the prime factors of r.
2, 5
List the prime factors of 57/((-684)/2056)*-369*1.
2, 3, 41, 257
Let y(a) be the first derivative of 2*a**3/3 + 5*a**2/2 + 2*a - 49. Let w be -3 + 3 + -2 + 10. List the prime factors of y(w).
2, 5, 17
Let x = -590 + 1211. Suppose l - 5*m = 159, 3*l - x = -l + 5*m. List the prime factors of l.
2, 7, 11
Let f be 35/5 - (4 + 0). Let q = f - 0. Suppose q*w - 102 = -3*m, -2*m + 4*w = -66 - 26. What are the prime factors of m?
2, 19
Suppose 4*q = 19*q - 4050. Suppose -q = 2*y - 812. Suppose 408 = 3*w + 2*j, y = 2*w + 3*j - 2*j. What are the prime factors of w?
2, 67
Suppose 91*i - 88497 = -864. List the prime factors of i.
3, 107
Suppose -5*q + 330 = o - 0*o, 5*q - 3*o = 310. Let c(p) = 790*p**2. Let y be c(1). Suppose 5*x = y - q. What are the prime factors of x?
5, 29
Let p = -59967 + 100725. What are the prime factors of p?
2, 3, 6793
Let n be (-2)/18 + 192/27. Suppose l + d = 167, -2*l - 4*d = -n*l + 844. Suppose -l = -3*z - 3*u, u + 353 = 4*z + 104. List the prime factors of z.
61
Suppose 488 = -8*r + 13664. Suppose -5*o = -5*b + 2755, -b = 2*b - o - r. What are the prime factors of b?
2, 137
Let w = 20212 + -11020. Suppose 17*r - 2130 = w. List the prime factors of r.
2, 3, 37
Suppose 6*b - 9*b = -l + 44, b + 5*l = 12. What are the prime factors of -232*(5/20*b)/1?
2, 13, 29
Let l = 226 + -336. Let f = 110 + l. Suppose 4*z + 284 - 1144 = f. List the prime factors of z.
5, 43
Suppose 0*w - 120666 = -17*w + 44523. What are the prime factors of w?
3, 41, 79
Suppose 41*j - 20 = 46*j. Let r be (-5999)/28 + (-1)/j. Let v = 305 + r. What are the prime factors of v?
7, 13
Suppose m - 5*s + 69 = 302, -2*s + 454 = 2*m. Let i be 3/9*5*m. Suppose -5*l + 270 = -i. What are the prime factors of l?
2, 5, 13
Let l = -156 + 71. What are the prime factors of 4/10 - 70601/l?
3, 277
What are the prime factors of -237 + 235 - 3/(6/(-48556))?
2, 3, 7, 17
Suppose 0 = 53*j - 56*j - 6, 3*q - 3*j - 52737 = 0. What are the prime factors of q?
3, 7, 31
Let i(h) = -h**2 - 4*h + 517. Let a be i(0). Suppose 8*r - 1973 = -a. Let g = r + -27. List the prime factors of g.
5, 31
Let v(n) = -838*n - 3*n**2 - 3*n**2 + 849*n - 24. Let j be v(7). List the prime factors of (1 - 2)*j + 1.
2, 11
Suppose 20*j - 298329 = 72*j - 1370881. List the prime factors of j.
2, 10313
Let c be (6/4)/3 + (-6)/(-4). Suppose 6*a - a - 670 = 0. Suppose -3*i + a = c*r - 0*r, 4*i - 138 = -2*r. What are the prime factors of r?
61
Let g(m) = -m**2 + 113*m - 213. What are the prime factors of g(60)?
3, 23, 43
Let n = -34 - -39. Suppose 4*r = 2*k + 657 - 147, -n*r + 3*k = -639. List the prime factors of r.
2, 3, 7
Suppose 238 = v - 4*t, -3*v + 3*t = -t - 722. Let q = v - 94. List the prime factors of q.
2, 37
Let a be 5/((-15)/43)*-93. Let m = a + -917. Suppose 5*o = -86 + m. What are the prime factors of o?
2, 3, 11
Suppose 3*y - b - 98865 = 0, -3*b - 29474 = -4*y + 102331. List the prime factors of y.
2, 3, 1831
Let t(d) = 882*d + 4656. What are the prime factors of t(59)?
2, 3, 11, 859
Suppose -3*i + 7080 = 4*u, 3*i - 2226 = -2*u + 4842. What are the prime factors of i?
2, 3, 7
Let y be ((0/2)/(-1) - 2) + 4. Let g be (-2*349/y)/(1 - 2). Suppose -10*a + 1011 = -g. What are the prime factors of a?
2, 17
Let a(c) = c**2 + 5 - 4*c**3 + 7*c**3 + 132*c - 140*c + 3. What are the prime factors of a(4)?
2, 23
Suppose -30*m + 44*m = -56. List the prime factors of (-14)/m*(-171810)/(-483).
3, 5, 83
Suppose -5*z - t = -20700, -144*z - 3*t = -141*z - 12420. What are the prime factors of z?
2, 3, 5, 23
Suppose -5*j - 188006 = -4*d, -4*d + 172498 + 15492 = 3*j. List the prime factors of d.
43, 1093
Suppose 0 = -51*f + 47*f - t + 31616, -7942 = -f - 5*t. List the prime factors of f.
2, 3, 439
Suppose -4*j = -g + 4*g - 19, 0 = 5*g + 4*j - 29. Suppose o - 19 = 4*t, -g*o - t - 6 = 4. What are the prime factors of (-50)/(-4) - 3*o/(-6)?
2, 3
Suppose 5*a - 5*r = 80375, 3*r + 64296 = -156*a + 160*a. What are the prime factors of a?
3, 11, 487
Let a(u) = 6*u**2 + 8*u + 12. Suppose 2*p = -3*j + 6, -4 = 5*p + j + 7. Let l be a(p). List the prime factors of (-12)/l + (-5)/(70/(-1992)).
2, 71
Let b(f) = f**2 - f + 12. Let j be b(0). Suppose -3*k + j = 3*k. Suppose 3*y + k*s - 245 = 0, -2*s = 5*y - 0*s - 411. List the prime factors of y.
83
Suppose -9142848 - 2374464 = -268*h + 2106200. List the prime factors of h.
2, 7, 3631
Let b be ((0 + 4)/(-1))/2*1. List the prime factors of ((-1632)/(-21) - b)/((-17)/(-119)).
2, 3, 31
Suppose -363 = 5*i - 1468. Suppose -949 = -5*f + i. List the prime factors of f.
2, 3, 13
Let q(y) = -5498*y + 39. List the prime factors of q(-1).
7, 113
Suppose -2*g + 4*j = -75998, -16*j - 152021 = -4*g - 13*j. What are the prime factors of g?
191, 199
Suppose -46*a + 2*a + 218144 = -130424. What are the prime factors of a?
2, 17, 233
Let f(s) = 10*s + 2. Let i(y) = -48*y - 10. Let u(q) = 16*f(q) + 3*i(q). List the prime factors of u(10).
2, 3
Suppose -4*y - 4*z + 8 = 0, -2*y - 14 = -5*y + z. Suppose -4044 = -5*x - a, -5*x + 0*x - y*a + 4056 = 0. List the prime factors of x/(-16)*(2 + 1*-4).
101
Let y(v) = v**2 + v + 1. Let s(u) = 6*u**2 - 12*u